{"id":1512,"date":"2021-10-26T09:47:38","date_gmt":"2021-10-26T12:47:38","guid":{"rendered":"http:\/\/lfc.org.br\/portaldeprivacidade\/?page_id=1512"},"modified":"2025-04-01T17:05:42","modified_gmt":"2025-04-01T20:05:42","slug":"fale-com-o-dpo","status":"publish","type":"page","link":"https:\/\/lfc.org.br\/portaldeprivacidade\/fale-com-o-dpo\/","title":{"rendered":"Fale com o DPO"},"content":{"rendered":"\n<h1 class=\"wp-block-heading\">Fale com o DPO<\/h1>\n\n\n\n<p><br>O DPO (Data Protection Officer) ou Encarregado de Dados \u00e9 a pessoa respons\u00e1vel por assegurar o cumprimento da Lei Geral de Prote\u00e7\u00e3o de Dados.<\/p>\n\n\n\n<p>No Lar Fabiano de Cristo a fun\u00e7\u00e3o do encarregado de dados \u00e9 exercida por um Comit\u00ea eleito para tal finalidade. Para entrar em contato com o encarregado de dados, basta enviar uma mensagem para <a href=\"mailto:encarregado.dados@lfc.org.br\">encarregado.dados@lfc.org.br<\/a>.<\/p>\n\n\n\n<p>Cabe ao DPO ou Encarregado de Dados processar as reclama\u00e7\u00f5es e comunica\u00e7\u00f5es, oferecer esclarecimentos ou tomar as provid\u00eancias de interesse dos titulares de dados e receber comunica\u00e7\u00f5es da Autoridade Nacional de Prote\u00e7\u00e3o de Dados (ANPD), al\u00e9m de outras atribui\u00e7\u00f5es previstas pela LGPD ou que forem estabelecidas pela Autoridade Nacional de Prote\u00e7\u00e3o de Dados.<\/p>\n","protected":false},"excerpt":{"rendered":"<p>Fale com o DPO O DPO (Data Protection Officer) ou Encarregado de Dados \u00e9 a pessoa respons\u00e1vel por assegurar o cumprimento da Lei Geral de Prote\u00e7\u00e3o de Dados. No Lar Fabiano de Cristo a fun\u00e7\u00e3o do encarregado de dados \u00e9 exercida por um Comit\u00ea eleito para tal finalidade. Para entrar em contato com o encarregado [&hellip;]<\/p>\n","protected":false},"author":1,"featured_media":0,"parent":0,"menu_order":0,"comment_status":"closed","ping_status":"open","template":"elementor_header_footer","meta":{"footnotes":""},"class_list":["post-1512","page","type-page","status-publish","hentry"],"_links":{"self":[{"href":"https:\/\/lfc.org.br\/portaldeprivacidade\/wp-json\/wp\/v2\/pages\/1512","targetHints":{"allow":["GET"]}}],"collection":[{"href":"https:\/\/lfc.org.br\/portaldeprivacidade\/wp-json\/wp\/v2\/pages"}],"about":[{"href":"https:\/\/lfc.org.br\/portaldeprivacidade\/wp-json\/wp\/v2\/types\/page"}],"author":[{"embeddable":true,"href":"https:\/\/lfc.org.br\/portaldeprivacidade\/wp-json\/wp\/v2\/users\/1"}],"replies":[{"embeddable":true,"href":"https:\/\/lfc.org.br\/portaldeprivacidade\/wp-json\/wp\/v2\/comments?post=1512"}],"version-history":[{"count":3,"href":"https:\/\/lfc.org.br\/portaldeprivacidade\/wp-json\/wp\/v2\/pages\/1512\/revisions"}],"predecessor-version":[{"id":1640,"href":"https:\/\/lfc.org.br\/portaldeprivacidade\/wp-json\/wp\/v2\/pages\/1512\/revisions\/1640"}],"wp:attachment":[{"href":"https:\/\/lfc.org.br\/portaldeprivacidade\/wp-json\/wp\/v2\/media?parent=1512"}],"curies":[{"name":"wp","href":"https:\/\/api.w.org\/{rel}","templated":true}]}}